ten millions digit of 80977657?
8
What is the hundred thousands digit of 141328266?
3
What is the thousands digit of 163268753?
8
What is the hundred thousands digit of 6903992515?
9
What is the hundred millions digit of 8844168695?
8
What is the hundred thousands digit of 477929573?
9
What is the units digit of 262160967?
7
What is the thousands digit of 2729803883?
3
What is the hundred thousands digit of 126437888?
4
What is the millions digit of 28078298?
8
What is the thousands digit of 917414786?
4
What is the billions digit of 2493186437?
2
What is the thousands digit of 148544065?
4
What is the millions digit of 7410416634?
0
What is the units digit of 172580681?
1
What is the hundreds digit of 15469520?
5
What is the ten millions digit of 12427591?
1
What is the ten thousands digit of 42651383?
5
What is the millions digit of 111742623?
1
What is the hundreds digit of 41491779?
7
What is the millions digit of 28163029?
8
What is the ten millions digit of 210967755?
1
What is the units digit of 74833683?
3
What is the tens digit of 58278277?
7
What is the hundred millions digit of 1161903461?
1
What is the hundreds digit of 613726131?
1
What is the tens digit of 2114712667?
6
What is the units digit of 38654057?
7
What is the units digit of 69046497?
7
What is the hundreds digit of 1155557766?
7
What is the hundreds digit of 3814532?
5
What is the units digit of 259896289?
9
What is the tens digit of 163126253?
5
What is the hundred millions digit of 983941582?
9
What is the tens digit of 77062841?
4
What is the ten thousands digit of 59231752?
3
What is the ten thousands digit of 196968483?
6
What is the ten millions digit of 2846350066?
4
What is the millions digit of 679227063?
9
What is the ten thousands digit of 60761739?
6
What is the hundred millions digit of 124733080?
1
What is the tens digit of 246840766?
6
What is the units digit of 1091576669?
9
What is the hundred millions digit of 137057481?
1
What is the hundred thousands digit of 462930545?
9
What is the units digit of 566265933?
3
What is the tens digit of 132734586?
8
What is the ten thousands digit of 31300646?
0
What is the ten thousands digit of 84922160?
2
What is the tens digit of 4012099250?
5
What is the ten millions digit of 52439753?
5
What is the hundred thousands digit of 96904250?
9
What is the units digit of 698252106?
6
What is the tens digit of 34652634?
3
What is the ten millions digit of 909622695?
0
What is the ten thousands digit of 4064487774?
8
What is the ten thousands digit of 129375645?
7
What is the millions digit of 118646602?
8
What is the millions digit of 78464615?
8
What is the thousands digit of 156316612?
6
What is the hundreds digit of 118593792?
7
What is the tens digit of 1865644970?
7
What is the thousands digit of 448431067?
1
What is the tens digit of 2544596687?
8
What is the millions digit of 447777421?
7
What is the tens digit of 41904260?
6
What is the tens digit of 1103064186?
8
What is the thousands digit of 307399281?
9
What is the hundred thousands digit of 524163512?
1
What is the ten thousands digit of 26107704?
0
What is the millions digit of 238004177?
8
What is the millions digit of 3535092880?
5
What is the units digit of 84560627?
7
What is the hundred millions digit of 5463149323?
4
What is the ten thousands digit of 21401043?
0
What is the ten millions digit of 14645658?
1
What is the ten thousands digit of 52794247?
9
What is the millions digit of 114567296?
4
What is the tens digit of 2842865628?
2
What is the ten thousands digit of 74456232?
5
What is the units digit of 4445510747?
7
What is the millions digit of 277639813?
7
What is the tens digit of 184075364?
6
What is the hundreds digit of 1779766009?
0
What is the units digit of 247240800?
0
What is the tens digit of 1017647196?
9
What is the tens digit of 4995023062?
6
What is the thousands digit of 210380078?
0
What is the units digit of 6067422?
2
What is the ten thousands digit of 35715700?
1
What is the hundred thousands digit of 142009074?
0
What is the millions digit of 2280065635?
0
What is the millions digit of 613759069?
3
What is the units digit of 472057986?
6
What is the thousands digit of 622803843?
3
What is the millions digit of 1480097547?
0
What is the hundred millions digit of 1979535151?
9
What is the hundred thousands digit of 126826880?
8
What is the units digit of 680805047?
7
What is the hundred thousands digit of 35609524?
6
What is the hundred millions digit of 316634922?
3
What is the thousands digit of 5645942637?
2
What is the hundreds digit of 1341905092?
0
What is the hundreds digit of 134169100?
1
What is the hundreds digit of 4443842?
8
What is the hundred thousands digit of 117134722?
1
What is the hundred thousands digit of 38434405?
4
What is the thousands digit of 401147557?
7
What is the ten thousands digit of 133486475?
8
What is the millions digit of 131580043?
1
What is the thousands digit of 43040840?
0
What is the hundred thousands digit of 1006516982?
5
What is the hundred millions digit of 328195005?
3
What is the hundred thousands digit of 909761703?
7
What is the millions digit of 6079828643?
9
What is the hundred thousands digit of 2312749673?
7
What is the units digit of 4080501819?
9
What is the hundreds digit of 108259654?
6
What is the tens digit of 1693292419?
1
What is the tens digit of 3954677261?
6
What is the millions digit of 18541747?
8
What is the ten thousands digit of 458024369?
2
What is the tens digit of 168680028?
2
What is the ten thousands digit of 1372935614?
3
What is the ten thousands digit of 5376592?
7
What is the ten millions digit of 62003843?
6
What is the ten millions digit of 29187267?
2
What is the units digit of 1363617047?
7
What is the ten thousands digit of 3089852802?
5
What is the hundred millions digit of 182793112?
1
What is the billions digit of 1541859906?
1
What is the units digit of 132506141?
1
What is the hundreds digit of 56731185?
1
What is the ten thousands digit of 28906434?
0
What is the hundreds digit of 1870780565?
5
What is the units digit of 277154485?
5
What is the units digit of 318829020?
0
What is the ten millions digit of 192289586?
9
What is the thousands digit of 263615570?
5
What is the thousands digit of 1324569289?
9
What is the hundreds digit of 41793828?
8
What is the units digit of 337349888?
8
What is the hundreds digit of 581213561?
5
What is the millions digit of 176197111?
6
What is the hundreds digit of 560253977?
9
What is the tens digit of 284375172?
7
What is the hundreds digit of 969722898?
8
What is the hundreds digit of 7284734?
7
What is the millions digit of 1487895624?
7
What is the thousands digit of 316079721?
9
What is the tens digit of 541919782?
8
What is the hundred millions digit of 542370051?
5
What is the tens digit of 1256731902?
0
What is the thousands digit of 1390399528?
9
What is the thousands digit of 113729602?
9
What is the hundred thousands digit of 48050166?
0
What is the ten millions digit of 73437662?
7
What is the thousands digit of 7336246129?
6
What is the billions digit of 4437876853?
4
What is the tens digit of 1452090653?
5
What is the hundred millions digit of 291446500?
2
What is the ten millions digit of 33528637?
3
What is the hundred thousands digit of 2602545651?
5
What is the hundred millions digit of 271578926?
2
What is the hundreds digit of 2297688429?
4
What is the hundreds digit of 1130008450?
4
What is the hundreds digit of 46315124?
1
What is the thousands digit of 5211298463?
8
What is the ten thousands digit of 800130216?
3
What is the tens digit of 3385745?
4
What is the ten thousands digit of 3949819518?
1
What is the millions digit of 2047902878?
7
What is the thousands digit of 176066487?
6
What is the ten thousands digit of 7597908516?
0
What is the hundreds digit of 281310910?
9
What is the ten thousands digit of 542630421?
3
What is the units digit of 4350143?
3
What is the ten thousands digit of 6114033684?
3
What is the ten thousands digit of 242376214?
7
What is the hundreds digit of 6639590951?
9
What is the hundred millions digit of 299808337?
2
What is the ten thousands digit of 525483890?
8
What is the ten thousands digit of 43038271?
3
What is the tens digit of 7847069